{"id":80,"date":"2026-01-05T12:42:04","date_gmt":"2026-01-05T11:42:04","guid":{"rendered":"https:\/\/thelittlecaneton.neamar.fr\/?page_id=80"},"modified":"2026-01-23T10:45:04","modified_gmt":"2026-01-23T09:45:04","slug":"culture","status":"publish","type":"page","link":"https:\/\/thelittlecaneton.neamar.fr\/?page_id=80","title":{"rendered":"Culture"},"content":{"rendered":"\n<h2 class=\"wp-block-heading has-text-align-center\">Le film \u00ab\u00a0Le dr\u00f4le de No\u00ebl de Scrooge\u00a0\u00bb<\/h2>\n\n\n\n<p class=\"has-text-align-left\">Ce film a \u00e9t\u00e9 r\u00e9alis\u00e9 par Robert Zemeckis. L\u2019histoire se passe \u00e0 Londres et Ebenezr \u00a0Scrooge est l\u2019un des plus riches\u00a0 de Londres. Il est aussi le plus avare. Il avait un associ\u00e9 nomm\u00e9 Mareley qui est mort. Ce dernier vient le voir et lui dit que 3 esprits vont venir voir Scrooge. Il va rencontrer l\u2019esprit du Noel pass\u00e9, l\u2019esprit du No\u00ebl pr\u00e9sent et l\u2019esprit du No\u00ebl futur. Ces 3 esprits veulent le faire devenir un meilleur homme. S\u2019il ne change pas il risque de devenir fant\u00f4me. L\u2019acteur d\u2019Ebenezer Scrooge est Jim Carey. Ce film est sorti le 25 novembre 2009. L\u2019acteur de Jacob Marley est Gary Oldeman. Le compositeur de la musique du film est Alan Silvertri. J\u2019ai aim\u00e9 ce film parce que Scrooge est <a>avare<\/a><a href=\"#_msocom_1\">[u1]<\/a>\u00a0 et m\u00e9chant est-il devient gentil.<\/p>\n\n\n\n<p class=\"has-text-align-right\"><em>Walter<\/em><\/p>\n\n\n\n<hr class=\"wp-block-separator has-alpha-channel-opacity\"\/>\n\n\n\n<p><a id=\"_msocom_1\"><\/a><\/p>\n\n\n\n<figure class=\"wp-block-image size-full\"><img loading=\"lazy\" decoding=\"async\" width=\"400\" height=\"593\" src=\"http:\/\/thelittlecaneton.neamar.fr\/wp-content\/uploads\/2026\/01\/scrooge.jpg\" alt=\"\" class=\"wp-image-111\"\/><\/figure>\n\n\n\n<div class=\"wp-block-group alignfull has-global-padding is-layout-constrained wp-block-group-is-layout-constrained\" style=\"margin-top:0;margin-bottom:0\">\n<div class=\"wp-block-query alignwide is-layout-flow wp-block-query-is-layout-flow\"><\/div>\n\n\n\n<div style=\"height:var(--wp--preset--spacing--30)\" aria-hidden=\"true\" class=\"wp-block-spacer\"><\/div>\n<\/div>\n\n\n\n<h2 class=\"wp-block-heading\">Le Titanic comment a- t- il coul\u00e9&nbsp;? (le mythe)<\/h2>\n\n\n\n<figure class=\"wp-block-image size-full\"><img loading=\"lazy\" decoding=\"async\" width=\"5000\" height=\"3677\" src=\"http:\/\/thelittlecaneton.neamar.fr\/wp-content\/uploads\/2026\/01\/RMS_Titanic_3.jpeg\" alt=\"\" class=\"wp-image-78\"\/><\/figure>\n\n\n\n<p>Le Titanic a coul\u00e9 et disparu le 15 avril 1912 \u00e0 2h11min. Il y a un mythe li\u00e9 \u00e0 ce naufrage. On dit que le Titanic a coul\u00e9 \u00e0 cause d\u2019une cl\u00e9. Cette cl\u00e9 servait \u00e0 ouvrir la boite dans laquelle il y avait les jumelles qui auraient pu permettre de rep\u00e9rer l\u2019iceberg 3 ou 4 km avant. La boite \u00e9tait ferm\u00e9e par cette cl\u00e9 mais le capitaine fait un changement de derni\u00e8re minute et la personne qui avait la cl\u00e9 se fait renvoyer. Vite il retourne dans sa cabine et cache la cl\u00e9 dans sa valise. Du coup on n\u2019a aper\u00e7u l\u2019iceberg qu\u2019\u00e0 500 m\u00e8tres car on n\u2019a jamais pu utiliser les jumelles.<\/p>\n\n\n\n<p>Charlie<\/p>\n","protected":false},"excerpt":{"rendered":"<p>Le film \u00ab\u00a0Le dr\u00f4le de No\u00ebl de Scrooge\u00a0\u00bb Ce film a \u00e9t\u00e9 r\u00e9alis\u00e9 par Robert Zemeckis. L\u2019histoire se passe \u00e0 Londres et Ebenezr \u00a0Scrooge est l\u2019un des plus riches\u00a0 de Londres. Il est aussi le plus avare. Il avait un associ\u00e9 nomm\u00e9 Mareley qui est mort. Ce dernier vient le voir et lui dit que [&hellip;]<\/p>\n","protected":false},"author":1,"featured_media":0,"parent":0,"menu_order":0,"comment_status":"closed","ping_status":"closed","template":"","meta":{"footnotes":""},"class_list":["post-80","page","type-page","status-publish","hentry"],"_links":{"self":[{"href":"https:\/\/thelittlecaneton.neamar.fr\/index.php?rest_route=\/wp\/v2\/pages\/80","targetHints":{"allow":["GET"]}}],"collection":[{"href":"https:\/\/thelittlecaneton.neamar.fr\/index.php?rest_route=\/wp\/v2\/pages"}],"about":[{"href":"https:\/\/thelittlecaneton.neamar.fr\/index.php?rest_route=\/wp\/v2\/types\/page"}],"author":[{"embeddable":true,"href":"https:\/\/thelittlecaneton.neamar.fr\/index.php?rest_route=\/wp\/v2\/users\/1"}],"replies":[{"embeddable":true,"href":"https:\/\/thelittlecaneton.neamar.fr\/index.php?rest_route=%2Fwp%2Fv2%2Fcomments&post=80"}],"version-history":[{"count":3,"href":"https:\/\/thelittlecaneton.neamar.fr\/index.php?rest_route=\/wp\/v2\/pages\/80\/revisions"}],"predecessor-version":[{"id":112,"href":"https:\/\/thelittlecaneton.neamar.fr\/index.php?rest_route=\/wp\/v2\/pages\/80\/revisions\/112"}],"wp:attachment":[{"href":"https:\/\/thelittlecaneton.neamar.fr\/index.php?rest_route=%2Fwp%2Fv2%2Fmedia&parent=80"}],"curies":[{"name":"wp","href":"https:\/\/api.w.org\/{rel}","templated":true}]}}